0 - 11?
1010001100001101
In base 3, what is -12 + -1122202011?
-1122202100
In base 12, what is -1944 - 18?
-1960
In base 8, what is 1 - 36212?
-36211
In base 2, what is 100111110011 - -10?
100111110101
In base 3, what is 10022 + -110112?
-100020
In base 13, what is 5 - 3246?
-3241
In base 9, what is -4 - -5321?
5316
In base 4, what is 10 + 201100?
201110
In base 16, what is -2 - 3942?
-3944
In base 16, what is 1 - -8d30?
8d31
In base 14, what is 4307 - -26?
432d
In base 16, what is a - -27f1a?
27f24
In base 3, what is 100 + 1020002012?
1020002112
In base 16, what is -5 + 1d751?
1d74c
In base 13, what is -122 + 2?
-120
In base 13, what is 25843 - -6?
25849
In base 9, what is -2 - -540722?
540720
In base 4, what is 12 - 1032120?
-1032102
In base 10, what is 7 + -64331?
-64324
In base 2, what is -101 + -10101101011100?
-10101101100001
In base 5, what is 1230111 - 4?
1230102
In base 4, what is -121203 - -11?
-121132
In base 2, what is -1001101111010011 + -101?
-1001101111011000
In base 16, what is 1748 + 9?
1751
In base 13, what is 2 - 161663?
-161661
In base 5, what is -10 + -242000?
-242010
In base 10, what is 4 + 3323?
3327
In base 9, what is 271516 - 5?
271511
In base 13, what is -702183 + 0?
-702183
In base 5, what is 1212004 - -1?
1212010
In base 6, what is 13232 + -4011?
5221
In base 16, what is -402a + -3?
-402d
In base 7, what is -105654 + -212?
-106166
In base 7, what is -1411 + -433?
-2144
In base 15, what is -5b4a + 87?
-5ab3
In base 14, what is 51 - -3ac?
41d
In base 13, what is -481bb8 + 5?
-481bb3
In base 12, what is -11 - -19a2?
1991
In base 6, what is 2500 - -114?
3014
In base 12, what is -49 - 27571?
-275ba
In base 13, what is 2 + 13977?
13979
In base 11, what is 1aa7 + -29?
1a79
In base 15, what is -c15e + 6?
-c158
In base 7, what is -4505 - -124?
-4351
In base 4, what is -2 + 122200?
122132
In base 16, what is 69 + -7c?
-13
In base 4, what is 1031002 - -123?
1031131
In base 5, what is 131 + 340?
1021
In base 16, what is -4 + 6045?
6041
In base 5, what is 12044112 - 20?
12044042
In base 15, what is 3bab - -5?
3bb1
In base 8, what is -37231 + 64?
-37145
In base 5, what is 20114 + 110?
20224
In base 9, what is -5 - -38013?
38007
In base 8, what is 2152 - -3437?
5611
In base 6, what is -15215 - 234?
-15453
In base 6, what is 5230 + -55?
5131
In base 7, what is 203 - -51300?
51503
In base 8, what is -61 - -5245?
5164
In base 7, what is -15614312 - 4?
-15614316
In base 9, what is 104534 + -2?
104532
In base 11, what is -137 - -1a9a?
1963
In base 2, what is 11100001000010 + -101?
11100000111101
In base 6, what is 3 - -2215223?
2215230
In base 16, what is -4 + 82793?
8278f
In base 6, what is -11 - -1144153?
1144142
In base 10, what is -73 + 127?
54
In base 10, what is 306 - 207?
99
In base 8, what is 13 + 11564?
11577
In base 11, what is -2 - -19201?
191aa
In base 15, what is -4 - 37917?
-3791b
In base 4, what is -10130 - 2123303?
-2200033
In base 9, what is -62660 + 6?
-62653
In base 16, what is 1 + 1d9c5?
1d9c6
In base 2, what is -111 + 1001111000010010?
1001111000001011
In base 4, what is 31 + -12302132?
-12302101
In base 3, what is 20000012 + -2?
20000010
In base 13, what is 10 + -45?
-35
In base 5, what is -10 - 211302?
-211312
In base 13, what is 7c63 + 15?
7c78
In base 3, what is 100221021 + 11220?
101010011
In base 8, what is -243 + -1311?
-1554
In base 15, what is -1 + d8bd4?
d8bd3
In base 10, what is -30 + 2194?
2164
In base 14, what is 3b + -6bb?
-680
In base 11, what is 47037 - 1?
47036
In base 3, what is 1 + 200110120010?
200110120011
In base 10, what is 71251 + 5?
71256
In base 12, what is 37033a - -5?
370343
In base 14, what is -1 - 3d07?
-3d08
In base 7, what is 2602 - 335?
2234
In base 8, what is -52 - -3000?
2726
In base 6, what is -10513 - -5252?
-1221
In base 2, what is -1001111011111001 + -1001?
-1001111100000010
In base 2, what is 11001111101001010 + -101000?
11001111100100010
In base 4, what is -110 - -13010301?
13010131
In base 4, what is 12130 - 302?
11222
In base 15, what is 11 + -bb2?
-ba1
In base 3, what is 1001001211 + -100?
1001001111
In base 13, what is 22 + b63?
b85
In base 13, what is -72b0 + 81?
-722c
In base 4, what is 133331221 + 10?
133331231
In base 13, what is -19 + -13c1?
-140a
In base 15, what is 12702 - 5?
126ec
In base 4, what is 11 + -2023323301?
-2023323230
In base 2, what is -10000001101 - 110011010?
-10110100111
In base 9, what is -23888 + -5?
-24004
In base 5, what is 3241 + 14220?
23011
In base 14, what is 18888d + 5?
188894
In base 10, what is 1 - 776591?
-776590
In base 10, what is 4 + -20320?
-20316
In base 10, what is -13 + -2217?
-2230
In base 3, what is -2 - -112121210?
112121201
In base 10, what is 5 - 73452?
-73447
In base 10, what is -14 - -2710?
2696
In base 7, what is -264365 + 0?
-264365
In base 6, what is -3 + 25134430?
25134423
In base 16, what is -7cf + -5a?
-829
In base 14, what is -27488c - -2?
-27488a
In base 2, what is -10011011 - 111101111110?
-1000000011001
In base 15, what is 8 - -344a?
3453
In base 9, what is 272 - -26512?
26784
In base 13, what is 4577b + a?
45788
In base 4, what is -11101133 + 0?
-11101133
In base 7, what is 136 - -41460?
41626
In base 16, what is -17 - 182b?
-1842
In base 12, what is 529432 - -2?
529434
In base 14, what is -4 + -67db?
-6801
In base 9, what is -227 + 27520?
27282
In base 6, what is -4452111 + -4?
-4452115
In base 6, what is 331 - -52?
423
In base 13, what is 1608 - -136?
1741
In base 15, what is -181 + -9?
-18a
In base 10, what is 78 + -133?
-55
In base 4, what is 231 + -201?
30
In base 9, what is 5 - -1282321?
1282326
In base 8, what is -1773 + 730?
-1043
In base 2, what is -111 - -110011010101010111101?
110011010101010110110
In base 2, what is 1 - 11100000010000100?
-11100000010000011
In base 5, what is -340340 + -11?
-340401
In base 3, what is -1 + 100102000001?
100102000000
In base 3, what is -10200121221 + -2?
-10200122000
In base 11, what is -4 - 56370?
-56374
In base 13, what is -bc8a - 4?
-bc91
In base 10, what is -9 - -380749?
380740
In base 2, what is -1010 - 1101001010100110110?
-1101001010101000000
In base 4, what is 1013 + -1332?
-313
In base 4, what is -10010 - -100331?
30321
In base 11, what is a7 + -794a?
-7853
In base 2, what is -10001100000 + -1000001?
-10010100001
In base 8, what is -16 - 1674?
-1712
In base 16, what is -6500 - -7?
-64f9
In base 16, what is c30 - 1?
c2f
In base 3, what is -22222 + -101001112?
-101101111
In base 9, what is 11 - 423?
-412
In base 11, what is -47591 - 3?
-47594
In base 14, what is -76 - 1c5?
-25b
In base 10, what is -648113 - 4?
-648117
In base 13, what is 21 + -42804?
-427b3
In base 10, what is -318186 + -3?
-318189
In base 4, what is -1 - -310101200?
310101133
In base 5, what is -3323320 - -11?
-3323304
In base 2, what is -10000110 - -10100111001?
10010110011
In base 5, what is -14422 + -4231?
-24203
In base 4, what is -1002 + 22303?
21301
In base 2, what is -101 + 1000110010101111?
1000110010101010
In base 13, what is 16 - -23bca?
23c13
In base 6, what is -13 + 151422?
151405
In base 8, what is -404533 + 1?
-404532
In base 13, what is -6abc + -87?
-6b76
In base 8, what is 122 - -14125?
14247
In base 3, what is 1002001200 + -21210?
1001202220
In base 3, what is 111220122 - 2?
111220120
In base 5, what is -1133420 - 13?
-1133433
In base 7, what is -11 + -66025?
-66036
In base 2, what is -110101111101110010 + 101?
-110101111101101101
In base 6, what is 13 + 2022005?
2022022
In base 5, what is -202 - -400131?
344424
In base 10, what is 1755756 - 2?
1755754
In base 12, what is -b3a60a + -3?
-b3a611
In base 6, what is -2032501 + -10?
-2032511
In base 15, what is 2d5 - -5d?
343
In base 4, what is -102301303 + -1?
-102301310
In base 8, what is 4 - 1565?
-1561
In base 6, what is 14 + -4351455?
-4351441
In base 2, what is 1101000110 - -10?
1101001000
In base 14, what is -10c3a + -2?
-10c3c
In base 2, what is 101 - 1000011111011111?
-1000011111011010
In base 3, what is -22121212200 - 11?
-22121212211
In base 2, what is -11110 + -1110110001101100?
-1110110010001010
In base 7, what is -5 - 53304?
-53312
In base 15, what is -6d + -45a?
-4c8
In base 16, what is 168 - -b?
173
In base 14, what is 10 - -72369?
72379
In base 14, what is da + 16?
112
In base 11, what is 26 - 361?
-336
In base